 15*o - 287 + 227. Let u be 10/o + g/(-14). What is the greatest common factor of u and 10?
10
Let p = 119 + -109. Calculate the highest common divisor of p and 230.
10
Let c = -5 - -13. Let g = 0 - 10. Let d be (15/g)/((-6)/352). What is the highest common divisor of c and d?
8
Let h(a) = 2*a**3 - 9*a**2 + 4*a + 8. Let l be h(6). Suppose 8*y - 214 = 10*y. Let q be ((-8)/(-10))/(-3 - y/35). What is the highest common factor of q and l?
14
Let i(z) = -z**2 + 4*z. Let q(k) = -k**2 + 3*k - 1. Let h(x) = 3*i(x) - 2*q(x). Let n be h(6). What is the greatest common divisor of 8 and n?
2
Suppose -6*o = -2*o + 3*i - 33, 0 = 5*o - 2*i - 70. Let w = o - -1. Calculate the highest common factor of 143 and w.
13
Let z = 1984 - 1907. Let v(i) = -2*i + 8. Let m be v(-7). What is the greatest common divisor of z and m?
11
Suppose u - 136 = -34. Suppose -174 - u = -6*c. Calculate the highest common factor of 115 and c.
23
Suppose -4*q - 2*d + d = -2151, 5*q - 2715 = 4*d. What is the highest common divisor of 98 and q?
49
Let a be 1/(-5) - 16/(-5). Let k be 1538/8 + a/(-12). Let s be -14 + (-6)/24*-152. Calculate the greatest common divisor of k and s.
24
Suppose 0 = 2*k, -z = -2*z - 2*k - 14. Let x be (-150)/35 + (-4)/z. Let y(c) = -c**2 - 6*c - 4. Let b be y(x). Calculate the highest common divisor of 20 and b.
4
Let p = 300 + -245. What is the highest common divisor of p and 187?
11
Suppose -594 = -n + 3*i, 3*n - 1291 = -5*i + 533. What is the greatest common divisor of 67 and n?
67
Let p(o) = 4*o**2 - 17*o + 22. Let f(g) = -2*g**2 + 8*g - 11. Let x(d) = -13*f(d) - 6*p(d). Let w be x(5). What is the highest common factor of 17 and w?
17
Let j = 364 - 320. Calculate the greatest common factor of 33 and j.
11
Suppose 2*b + 2*b - 44 = 0. Let a be (9/6)/(12/32). Suppose 349 + 135 = a*g. Calculate the greatest common divisor of b and g.
11
Let f = -42 + 57. Let j be 3/f - 398/(-10). What is the highest common factor of 4 and j?
4
Let k = -593 + 637. What is the highest common divisor of k and 484?
44
Suppose 7*s = -69 + 13. Let a = s + 17. What is the greatest common divisor of 72 and a?
9
Let u be 3/8 - (-906)/16. Calculate the greatest common divisor of u and 247.
19
Let x be (-1)/3 + 17/(-3). Let z(b) = -2*b**2 - 8*b + 5. Let t be z(x). Let k = t - -52. What is the highest common factor of k and 3?
3
Let n be 7/(-35) + 18/(-10). Let d be 1/(n + 10/6). Let s = 45 + d. What is the highest common divisor of s and 28?
14
Suppose -4 = -j + 3*r, -5*j + 9 - 2 = -2*r. Let u be j/2 - (-444)/8. Calculate the highest common divisor of u and 8.
8
Let n = 30 + -30. Suppose w - 2*w + 8 = n. What is the greatest common factor of w and 1?
1
Let n(q) = -q**3 + 4*q**2 + 2*q - 7. Let i be n(3). What is the highest common factor of i and 96?
8
Suppose 0 = -r - 0*r - 8. Let y = r + 9. Suppose -n = -26 - y. What is the highest common divisor of 27 and n?
27
Let f(z) = z**3 + 7*z**2 + 7*z + 21. Let w = -41 + 35. Let v be f(w). What is the greatest common factor of v and 120?
15
Let d(s) = -12*s + 8. Let l be d(-2). Let o = -1 - -6. Suppose f - 53 = 5*g, o*g = -3*f + 72 + 67. Calculate the greatest common divisor of f and l.
16
Let f = 28 - 21. Let l = 14 + -12. Suppose 2 = l*o, 0 = 3*p - 0*o - 2*o - 1. Calculate the greatest common factor of f and p.
1
Suppose -2*l - 3*o = 13, 2*l - 38 = 5*o - 11. Let y be (3 + -14)/(5 - 6). Calculate the greatest common divisor of l and y.
1
Suppose -12*t + 798 = 9*t. Calculate the greatest common divisor of 38 and t.
38
Suppose 40*g - 8041 - 3159 = 0. What is the greatest common divisor of 40 and g?
40
Suppose -1 = -q + 1. Suppose 5*z - 105 = 3*i, 3*z - 43 = q*z + 5*i. Calculate the highest common divisor of 9 and z.
9
Let w = 43 - 8. Let k be w - ((-4 - -1)*1)/(-1). Calculate the greatest common factor of k and 288.
32
Let y(b) = 2*b - 17. Let q be y(11). Let r = -171 - -191. What is the highest common divisor of r and q?
5
Suppose a = -3*i - 4, 4*i + 11 + 7 = -2*a. Let y = a - -29. Calculate the highest common divisor of 10 and y.
10
Suppose 13*m = 21*m - 3968. What is the greatest common factor of m and 32?
16
Let f = 18 + -6. Suppose -2*s + 20*s - 1512 = 0. Calculate the greatest common factor of s and f.
12
Let b(y) = -3 - y + 2*y**2 - 1 - 4*y - 6. Let j be b(6). What is the highest common divisor of j and 48?
16
Let z be 10/(-6)*1*-18 - -2. Calculate the highest common divisor of z and 672.
32
Suppose 5*a = -x + 25 + 40, 0 = 5*a + 20. Suppose 11*d - 80 = 7*d + k, 5*d - x = 5*k. Calculate the highest common factor of d and 189.
21
Let x(a) = a + 4. Let q be x(5). Let r be (2090/14 - (-8)/(-28))*1. Let v = r + -122. What is the greatest common divisor of q and v?
9
Let o be (0 - 2/2)*-11. Suppose -4*k = 5*f + 2, 0*k + 4*f = 4*k - 16. Suppose 0 = -4*v - 8, g + k*g - 369 = 3*v. What is the greatest common divisor of o and g?
11
Suppose -5*t + 67 = 202. Let z be 6/27 + (-1371)/t. Calculate the greatest common factor of z and 34.
17
Suppose p - 3*p + 8 = 2*n, -5*p + 12 = n. Suppose -81 = -7*f - n*f. What is the greatest common factor of 6 and f?
3
Let u = -14 - -28. Let f(p) = -7*p - 29. Let r(g) = -3*g - 14. Let z(x) = 4*f(x) - 9*r(x). Let h be z(-11). What is the highest common factor of u and h?
7
Suppose -g + 2*g = -1, b = -4*g - 3. Let s be 0 - b - 12/(-2). Suppose -99 = -s*x + 401. Calculate the highest common divisor of x and 40.
20
Let d be (-409)/(-6) - 16/96. What is the highest common divisor of d and 8?
4
Suppose 3*j - 4*t = 191, 9*t - 8*t + 129 = 2*j. Calculate the highest common factor of 143 and j.
13
Let u(d) = -3*d**2 + 22*d - 12. Let t be u(6). What is the greatest common factor of 192 and t?
12
Suppose -5*g = -3*b, 4*b - 16 = 3*g - b. Suppose -4*z + 21 = 2*o - 3, 4*o = g*z - 7. Let p be (2 - 3)/((-1)/o). Calculate the highest common factor of p and 16.
2
Let w be 4164/60 - (-4)/(-10). Suppose -5*n + 11 = -w. What is the highest common factor of n and 80?
16
Let c(a) = 5*a**2 - 8*a - 106. Let i be c(12). What is the greatest common divisor of 37 and i?
37
Let s = 11 - 15. Let x be 102 + (20/s - -3). Let c = -32 + 52. Calculate the highest common factor of x and c.
20
Let w = 40 + -19. Let r = -149 - -156. Calculate the highest common divisor of w and r.
7
Let x be 9/(18/260) + 4. Suppose -3*s + x = 2*f + 8, 0 = -5*f + s + 332. What is the highest common divisor of 6 and f?
6
Suppose -70 + 4 = -2*g + 2*r, r - 159 = -5*g. Let x be (-132)/(-18) + (-2)/(-3). Calculate the greatest common divisor of x and g.
8
Let c(s) = -s**2 + 5*s + 14. Let p be c(6). Let g be 1998/72 + (-2)/(-8). Calculate the greatest common divisor of g and p.
4
Suppose 33 - 152 = -7*h. Calculate the highest common factor of h and 391.
17
Suppose -1 - 19 = -4*l. Suppose 0 = -l*g + 18 + 152. Calculate the highest common divisor of g and 51.
17
Let c(g) = g**3 + 15*g**2 + 20*g - 3. Let a be c(-14). Let q = 157 + a. What is the greatest common divisor of q and 30?
10
Suppose 15 = 5*x + h, -3*x + 8 = -h - 9. Suppose 4*n = 16, -4*j - 3*n - 2*n + 60 = 0. Calculate the greatest common factor of j and x.
2
Let h = 1001 + -853. Calculate the greatest common divisor of 222 and h.
74
Let s = 25 + 53. Let h = 45 - s. Let l = 0 - h. Calculate the highest common divisor of l and 22.
11
Let s(v) = 4*v - 16. Suppose -18 = -2*k + 2*a, 0*k - 5*a = 4*k - 63. Let n be s(k). Calculate the highest common factor of n and 80.
16
Let v = -410 + 442. Calculate the highest common divisor of v and 176.
16
Let d = 1 - -1. Let m be -1*36 + (3 - 5)*1. Let c = m + 41. What is the greatest common divisor of d and c?
1
Let x(c) = c**3 + 22*c**2 + 12*c + 27. Let s be x(-21). Suppose -2*d + 48 = 5*o, 46 = 3*d + 2*o - 26. What is the highest common divisor of s and d?
24
Let g be (1 + 7/(-2))*38/(-5). What is the highest common divisor of 418 and g?
19
Suppose -98 = -2*w + 30. Let c = w - 61. What is the greatest common factor of 33 and c?
3
Let a be 0 + -1 + 14/(-7). Let h(z) = 5*z**2 - 7*z - 10. Let s be h(a). Calculate the highest common divisor of s and 28.
28
Suppose -4*t + 0*t - 44 = -5*w, 3*t = -3. Let a = -42 + 50. Calculate the greatest common divisor of w and a.
8
Let d = -709 - -729. What is the highest common factor of 500 and d?
20
Let r be ((-10)/(-15) + -1)*837/(-31). Let d = 87 